{"id":289,"date":"2026-03-22T20:32:58","date_gmt":"2026-03-22T20:32:58","guid":{"rendered":"https:\/\/www.parcabayim.com.tr\/app\/markalar\/bosch-sofben\/"},"modified":"2026-03-23T12:00:23","modified_gmt":"2026-03-23T12:00:23","slug":"bosch-sofben","status":"publish","type":"marka","link":"https:\/\/www.parcabayim.com.tr\/app\/markalar\/bosch-sofben\/","title":{"rendered":"Bosch \u015eofben"},"content":{"rendered":"<p>Bosch \u015eofben markas\u0131na ait cihazlar ve ar\u0131za kodlar\u0131 burada listelenir.<\/p>\n","protected":false},"excerpt":{"rendered":"<p>Bosch \u015eofben markas\u0131na ait cihazlar listelenmi\u015ftir.<\/p>\n","protected":false},"featured_media":343,"template":"","pbk_device_type":[9],"class_list":["post-289","marka","type-marka","status-publish","has-post-thumbnail","hentry","pbk_device_type-sofben"],"_links":{"self":[{"href":"https:\/\/www.parcabayim.com.tr\/app\/wp-json\/wp\/v2\/marka\/289","targetHints":{"allow":["GET"]}}],"collection":[{"href":"https:\/\/www.parcabayim.com.tr\/app\/wp-json\/wp\/v2\/marka"}],"about":[{"href":"https:\/\/www.parcabayim.com.tr\/app\/wp-json\/wp\/v2\/types\/marka"}],"wp:featuredmedia":[{"embeddable":true,"href":"https:\/\/www.parcabayim.com.tr\/app\/wp-json\/wp\/v2\/media\/343"}],"wp:attachment":[{"href":"https:\/\/www.parcabayim.com.tr\/app\/wp-json\/wp\/v2\/media?parent=289"}],"wp:term":[{"taxonomy":"pbk_device_type","embeddable":true,"href":"https:\/\/www.parcabayim.com.tr\/app\/wp-json\/wp\/v2\/pbk_device_type?post=289"}],"curies":[{"name":"wp","href":"https:\/\/api.w.org\/{rel}","templated":true}]}}

Bosch Şofben

<p>Bosch Şofben markasına ait cihazlar ve arıza kodları burada listelenir.</p>

<p>Bosch Şofben markasına ait cihazlar listelenmiştir.</p>
